is 111101101100 - -1000000?
111110101100
In base 4, what is -10220 - -10?
-10210
In base 4, what is 112 - -1003211?
1003323
In base 11, what is 76 - -223?
299
In base 15, what is -9 - -51294?
5128a
In base 4, what is 3 - 313003010?
-313003001
In base 5, what is -1041431 + 32?
-1041344
In base 5, what is 1 + -134013410?
-134013404
In base 3, what is 11 + -212222001?
-212221220
In base 15, what is 66d - -6?
674
In base 14, what is -1cd9c + 93?
-1cd09
In base 5, what is -10 + -20310312?
-20310322
In base 5, what is -4 - -3334033?
3334024
In base 8, what is 5 - 26272?
-26265
In base 2, what is -10 + -10001100001001?
-10001100001011
In base 12, what is 559b6 + -2?
559b4
In base 3, what is -11 - 121122001?
-121122012
In base 4, what is -30210 - -202?
-30002
In base 4, what is -12 + 21021301?
21021223
In base 4, what is -3103112 - -22?
-3103030
In base 16, what is 34 - 2bb?
-287
In base 14, what is -3 - -16754?
16751
In base 15, what is 2d73 + -1?
2d72
In base 6, what is -2001 + 13545?
11544
In base 8, what is -1065341 - 2?
-1065343
In base 8, what is 105640 + -3?
105635
In base 12, what is -3a8 + -45?
-431
In base 10, what is 196925 + 2?
196927
In base 16, what is -b - -795d?
7952
In base 13, what is -8b50 + 18?
-8b35
In base 16, what is -4 - 156b?
-156f
In base 8, what is 23775 - -3?
24000
In base 2, what is -1010001100 - 1100010?
-1011101110
In base 3, what is 22 - -212211001?
212211100
In base 6, what is -1141 - -203?
-534
In base 9, what is -1 - 4855?
-4856
In base 16, what is 3 + 8f789?
8f78c
In base 11, what is 4 + 29753?
29757
In base 9, what is -3 + -146545?
-146548
In base 5, what is -114 + 42100?
41431
In base 12, what is 25 + -542?
-519
In base 9, what is 365 + 1701?
2166
In base 2, what is 1111010 - 1000000000?
-110000110
In base 11, what is 4 - -276a9?
27702
In base 14, what is 2b2 + 1d5?
4a7
In base 4, what is -31321 + -33201?
-131122
In base 7, what is 25566 - -5?
25604
In base 14, what is 71 - 1c5?
-154
In base 11, what is -2a29 + -13?
-2a41
In base 11, what is -641 - 21?
-662
In base 14, what is -2 - 199c3?
-199c5
In base 6, what is 13520 + 5?
13525
In base 6, what is 54331045 - -5?
54331054
In base 13, what is 2039 + 14?
2050
In base 6, what is -10 - -23250235?
23250225
In base 3, what is 2 + 22111220?
22111222
In base 3, what is 1021010002 + -12?
1021002220
In base 12, what is a05 - -37a?
1183
In base 3, what is 11 - 201212101?
-201212020
In base 6, what is -15041 + -422?
-15503
In base 5, what is -2 - -11403123?
11403121
In base 16, what is 2eee5 - 2?
2eee3
In base 14, what is -28 + 2d4d?
2d25
In base 15, what is -59 - -37c?
323
In base 13, what is -2 - 5b76?
-5b78
In base 10, what is -871 + -63?
-934
In base 4, what is -12 + 233110333?
233110321
In base 8, what is -67 - -103674?
103605
In base 15, what is 16a5 - -159?
180e
In base 12, what is 10989 + -16?
10973
In base 11, what is 1574467 - 2?
1574465
In base 12, what is 9ab9 - -1b?
9b18
In base 9, what is -5256 + -40?
-5306
In base 15, what is 7b17 - -5?
7b1c
In base 11, what is -324 + 850?
527
In base 6, what is 41 + 535?
1020
In base 12, what is -a650 + 0?
-a650
In base 12, what is 21b33b + 1?
21b340
In base 12, what is 6 + -323b1?
-323a7
In base 4, what is 100122 + 130?
100312
In base 15, what is 7c92 + 1a?
7cac
In base 14, what is 3 + 23ab?
23b0
In base 10, what is -87814 - 0?
-87814
In base 10, what is 72881 + 3?
72884
In base 15, what is -3 - 16600?
-16603
In base 13, what is 2b95 - -1?
2b96
In base 5, what is 14212 - 303?
13404
In base 5, what is -41 - 200021?
-200112
In base 9, what is 3 + -20284?
-20281
In base 7, what is -23025 - -6?
-23016
In base 11, what is 69490 + -4?
69487
In base 8, what is 46 - 172?
-124
In base 2, what is -10 + -111100010111100?
-111100010111110
In base 8, what is -4 + -130307?
-130313
In base 10, what is 2262 + -81?
2181
In base 11, what is -62295 - -4?
-62291
In base 2, what is 101110110101011111111 - 101?
101110110101011111010
In base 7, what is 120 + 323030?
323150
In base 2, what is -11100 - -10100010011?
10011110111
In base 4, what is -112 - -12101033?
12100321
In base 2, what is -1011 + 11011111111101?
11011111110010
In base 13, what is 69c4 - 13?
69b1
In base 3, what is -101 + -20211112?
-20211220
In base 8, what is -1577 - 6050?
-7647
In base 10, what is -3 - -8136?
8133
In base 15, what is 3 + b6?
b9
In base 12, what is 5 - 36b2?
-36a9
In base 11, what is 3a28 - 3a?
3999
In base 7, what is 152 - -1530?
2012
In base 15, what is c3 + -13?
b0
In base 12, what is 7a + 156?
214
In base 15, what is 0 + -2c7aa?
-2c7aa
In base 16, what is 1e - 373?
-355
In base 3, what is 220221 + -21?
220200
In base 7, what is -305063 - -3?
-305060
In base 16, what is b + 7e7cd?
7e7d8
In base 8, what is -3433 - 7?
-3442
In base 11, what is 1 - 99a9?
-99a8
In base 9, what is 0 - -25023?
25023
In base 8, what is 21746 + 1?
21747
In base 11, what is 3 - -6435a5?
6435a8
In base 13, what is 30991 + 1?
30992
In base 3, what is 12 + 21002110001?
21002110020
In base 6, what is 0 + 33222?
33222
In base 6, what is -2133153 - -5?
-2133144
In base 3, what is 111210121 - -211?
111211102
In base 6, what is -2154 - 130?
-2324
In base 16, what is a + c1?
cb
In base 8, what is -3 - -4455132?
4455127
In base 2, what is 11110110000001 - -11?
11110110000100
In base 6, what is 1015 - 115451?
-114432
In base 14, what is -25b + 19?
-242
In base 14, what is -3 - -2067?
2064
In base 6, what is -25055425 - 5?
-25055434
In base 15, what is 29672d + 5?
296733
In base 4, what is -302 - -2101?
1133
In base 2, what is 10000 + 1011100011?
1011110011
In base 4, what is 30202302 - 10?
30202232
In base 8, what is -2055356 - 1?
-2055357
In base 5, what is 13 - -13024?
13042
In base 2, what is 110111 - -11011100110?
11100011101
In base 13, what is -8427 + 3?
-8424
In base 8, what is 32724 + -14?
32710
In base 6, what is -1 + -2404201?
-2404202
In base 10, what is -144 + 488?
344
In base 4, what is 120021210 - 0?
120021210
In base 8, what is -7051626 + 2?
-7051624
In base 5, what is 11132 - -102?
11234
In base 10, what is 5 - -288307?
288312
In base 13, what is b58 - -6?
b61
In base 6, what is 1413415 - 15?
1413400
In base 3, what is 1020 + -2010022?
-2002002
In base 9, what is 80 + -105?
-15
In base 5, what is 2013120002 - -4?
2013120011
In base 8, what is 14241 - -200?
14441
In base 14, what is 5a99 + -3?
5a96
In base 7, what is 254 - -2120?
2404
In base 13, what is b9c + 49c?
136b
In base 12, what is 4 - 4bb2?
-4baa
In base 15, what is 21 + -1836?
-1815
In base 4, what is -12121 + 2031?
-10030
In base 7, what is 125124 - 4?
125120
In base 9, what is -38 + 407?
358
In base 15, what is 1c4 - -66?
23a
In base 12, what is -a68 - 7?
-a73
In base 10, what is -8 - 13238?
-13246
In base 6, what is -14252 + -1552?
-20244
In base 5, what is 11 - -112443?
113004
In base 13, what is 44 - c218?
-c1a4
In base 8, what is -36 + 32?
-4
In base 11, what is 16a2 + -5a3?
10aa
In base 6, what is 213 - 11513?
-11300
In base 8, what is -1 - 16074?
-16075
In base 7, what is -325314 + -3?
-325320
In base 6, what is 453033 - 0?
453033
In base 2, what is 101100011011111000000100 + 101?
101100011011111000001001
In base 13, what is -1a0 - -240?
70
In base 16, what is -3a - -ea2c?
e9f2
In base 2, what is -10 - -10001000001011101001?
10001000001011100111
In base 9, what is 1057 - -4?
1062
In base 4, what is -11212 + -1121?
-12333
In base 3, what is -1002221021202 + 2?
-1002221021200
In base 8, what is 3042 + -150?
2672
In base 10, what is 64 + 2323?
2387
In base 14, what is 443 - -453?
896
In base 11, what is 303360 - -1?
303361
In base 6, what is 3 - 1151044?
-1151041
In base 4, what is 13 + 10030210321?
10030211000
In base 10, what is -57 + -118?
-175
In base 13, what is -b4399 + 6?
-b4393
In base 5, what is -2 + -11323014?
-11323021
In base 2, what is -11001010001 + 1101101011?
-1011100110
In base 10, what is 122780 - -24?
122804
In base 12, what is -51 - -2b6?
265
In base 10, what is 64230 + 4?
64234
In base 4, what is 1120 + 31300?
33020
In base 6, what is -120544 + -3?
-120551
In base 9, what is -2220535 + -5?
-2220541
In base 8, what is -3 - -1001?
776
In base 5, what is 3 - -133332?
133340
In base 14, what is -135c8 - -2?
-135c6
In base 3, what is -111 - -112220021?
112212210
In base 6, what is -3 + 40201424?